 = -3 + 9. What is the greatest common divisor of 42 and f?
6
Suppose 0 = g - 0*g - 2. Let p be (10 + -2)/(g/7). Calculate the greatest common divisor of p and 4.
4
Let y be (12/(-26))/3 + (-862)/(-26). What is the highest common divisor of 363 and y?
33
Suppose -n + 2*c = -26, 3*n + 2*c - 75 - 11 = 0. What is the greatest common factor of 56 and n?
28
Let a(h) = -5*h + 6. Let k be a(-3). What is the highest common factor of 105 and k?
21
Let g(t) = 5*t - 1. Let l be g(5). What is the greatest common divisor of l and 12?
12
Suppose -3*j + 9*j - 42 = 0. What is the greatest common factor of j and 49?
7
Let u(a) = -6*a - 2*a**2 - 8*a**3 - a**3 + 4*a + a. Let s be u(-2). What is the greatest common factor of 6 and s?
6
Let y be (0 + -3 - 5)/(-2). Calculate the highest common divisor of 2 and y.
2
Suppose k + 135 = 4*k. Let l = 16 - 7. Calculate the highest common divisor of l and k.
9
Suppose -3*y - 2*i = 30, 2*i + 6 + 0 = 0. Let c = y + 12. What is the greatest common factor of 44 and c?
4
Let q = -1 + 10. Let b = q + 3. What is the highest common factor of b and 30?
6
Suppose 0*h - 5*h + 3*j = -156, 5*j = -3*h + 80. What is the highest common factor of 270 and h?
30
Let k = 3 - -1. Suppose -k*a = 12, v - 133 = a - 42. Calculate the greatest common factor of v and 8.
8
Suppose 2*s - v = 25, 2*v = -2*s + 9 + 13. Suppose s = 4*w, -2*z + 2*w - 22 = -3*z. Suppose 12 = 4*n - n. Calculate the highest common factor of z and n.
4
Suppose -2*j + 12 = j. Suppose z + j*g - 26 = 0, 12 = -3*z + 4*z - 3*g. What is the highest common divisor of 18 and z?
18
Suppose 6*y + 108 = 10*y. Calculate the highest common factor of y and 9.
9
Let s be 17*(-4 + (-15)/(-3)). Calculate the highest common factor of 51 and s.
17
Let r = 28 + -20. Suppose 0*v = 2*v - r. Suppose -3*q - v*k + 214 = 0, 4*q + 50 = 5*q - 4*k. What is the greatest common factor of q and 6?
6
Suppose 10 - 25 = -3*d. Suppose -4*q - q + 500 = 5*r, 0 = d*r + 2*q - 488. Calculate the highest common factor of r and 12.
12
Suppose -2*a + 12 = a. What is the highest common factor of 16 and a?
4
Suppose -2*n = -5*j - 43, 2*j - 3*n + 5 = 3*j. Let o = j + 12. Calculate the greatest common factor of o and 40.
5
Let f = 77 - 46. Calculate the greatest common factor of 124 and f.
31
Suppose v + 36 = 4*j + 4*v, -4*j + 40 = 2*v. What is the highest common factor of j and 3?
3
Suppose 2*z + 80 = 5*f, -z - 4 = -f + 12. Calculate the highest common factor of 8 and f.
8
Let f be (57 + -2)/(-2*3/(-24)). Calculate the highest common factor of f and 44.
44
Suppose -r + 60 = 2*q + q, -q = 5*r - 356. What is the greatest common factor of 48 and r?
24
Let q be 18 + ((-2)/(-6) - (-78)/(-18)). Let k be 2*(-1)/(-2)*1. Let g be (0 - 126)/(k - 2). Calculate the greatest common factor of g and q.
14
Suppose d = 11 + 4. Calculate the greatest common divisor of d and 3.
3
Suppose 0 = -5*g + 4*h + 25, 4*g - 6*h - 26 = -4*h. Suppose d = -2*d. Suppose 2*b - 9 - 9 = d. What is the highest common factor of g and b?
9
Suppose -4*v = -2*y + 148, -5*y - v - 3*v = -356. What is the greatest common factor of 8 and y?
8
Suppose 4*y + 3 = -1, 3*g + 2*y - 10 = 0. Let h be 11*(-2 + g - 0). What is the highest common factor of h and 2?
2
Suppose 0 = -4*k - 20, -3*d + 34 = -2*d - 3*k. Calculate the highest common divisor of d and 209.
19
Let p = 8 - 3. Let k = 67 + -32. What is the highest common factor of p and k?
5
Suppose -3*t + 127 = h, 5*h = 4*t + 43 + 497. Let d be ((-6)/(-7))/(24/h). Calculate the greatest common divisor of d and 2.
2
Let t be ((-4)/30*-10)/(2/3). Let p be (16/5)/(2/10). Let n = 38 - p. Calculate the highest common factor of n and t.
2
Let d = 11 - 6. Suppose 74 = d*x - 51. Let w = x - 15. What is the highest common factor of w and 90?
10
Let h be 4/(-6) - 129/9. Let x = 35 + h. What is the greatest common factor of 50 and x?
10
Let z(a) = a**3 - 7*a**2 + 6. Let m be z(7). Calculate the highest common factor of m and 15.
3
Suppose 2*m - 90 = -3*m. Let r be 27*8/108*9. What is the greatest common divisor of m and r?
18
Let b be 20 - 5/(15/6). Let r be -1 - (-26)/(-4)*-2. Calculate the highest common divisor of b and r.
6
Let j = -6 + 14. Suppose 3*g - 268 = 5*a, 0*g + 4*a + 272 = 3*g. Suppose 3*s - g = 96. Calculate the highest common factor of s and j.
8
Let j = 586 + -388. Let i(h) = 10*h + 2. Let p be i(2). Calculate the greatest common divisor of j and p.
22
Suppose -4*i = -3*x + x - 648, 2*i - 340 = 5*x. Suppose i = 2*t - 0*t. Calculate the highest common divisor of 32 and t.
16
Let z = 168 - 155. What is the greatest common divisor of 13 and z?
13
Let b = 2 - 2. Let h = 20 + b. What is the highest common factor of h and 50?
10
Suppose 0 = -s + 4*z, -3*s = 2*s - 2*z. Suppose s = 5*x - 2*x + 6, 0 = v - x - 8. What is the greatest common factor of v and 36?
6
Let w be (-1925)/25*(-2)/2. Calculate the highest common divisor of w and 11.
11
Let y(d) = -7*d**3 - d**2. Let z be y(-1). Suppose v = 2*v - 330. Suppose 2*w = 7*w - v. Calculate the highest common factor of w and z.
6
Suppose 0 = 4*s - 7*w + 3*w - 4, 2*w + 11 = 5*s. Let d = 4 + -6. Let g = -1 - d. What is the greatest common divisor of s and g?
1
Let j(t) = -t - 4. Let v be j(-7). Let g = -1 + v. Suppose g*o = 2*l - 168, 3*l = o + 198 + 62. Calculate the highest common divisor of 11 and l.
11
Suppose 7*j - 3*j = 0. Suppose j*l - 5*f + 52 = 2*l, -4*l - 2*f = -88. Calculate the highest common factor of l and 7.
7
Suppose -d = -28 - 16. Suppose -3*x + 4*x = d. Suppose -19 = -3*q - 7. Calculate the greatest common factor of x and q.
4
Let s(z) = z**3 - 2*z**2 - z - 3. Let d be s(4). Let l = 380 - 280. Calculate the highest common factor of d and l.
25
Let r be 2/15 - 292/(-60). Suppose -310 = -5*z + o, 5*z + 3*o - r*o = 310. What is the greatest common factor of z and 31?
31
Let l be ((-2)/1)/(4/8). Let n(q) = 2*q - 2. Let w(j) = j - 2. Let z(a) = -2*n(a) + 3*w(a). Let m be z(l). What is the highest common divisor of 22 and m?
2
Let w be 79 + -3 + (-1)/(-1). Let m(q) = -q**2 - 10*q + 5. Let d be m(-10). Let x = d + 2. Calculate the highest common factor of w and x.
7
Let s = -106 + 223. Let l = -49 - -62. What is the highest common divisor of s and l?
13
Let h = 72 - 51. Let t = h + -13. Suppose -a + 32 + t = 5*u, -5*u + 85 = 2*a. Calculate the greatest common factor of a and 9.
9
Let b = 10 - -6. What is the greatest common factor of 40 and b?
8
Suppose 2*j - 4*j - 12 = 0. Let n be (j/8)/(2/(-24)). Suppose 0 = -3*b + 108 + 81. What is the greatest common factor of b and n?
9
Suppose 0*z - 4 = f + 2*z, 2*f - 3*z = 13. Suppose 92 = 4*a + 4*w, f*w + 0*w + 2 = 0. Calculate the greatest common divisor of a and 120.
24
Let w = -166 + 218. Calculate the highest common divisor of 572 and w.
52
Let x(y) = -8*y + 2 - 2 + 5. Let o(s) = -8*s + 4. Let b(u) = -3*o(u) + 2*x(u). Let v be b(3). What is the highest common factor of 2 and v?
2
Suppose t + 3*p + 20 = -7, -4*t - 3*p - 135 = 0. Let a be (-4)/16 - 284/16. Let f be (-512)/t - (-4)/a. Calculate the greatest common factor of 21 and f.
7
Suppose 0*a - a = -7. Suppose x - a*j + 6*j = 113, -x - j = -107. What is the greatest common factor of x and 10?
10
Let r(x) = 4*x - 10. Let y be r(6). What is the greatest common factor of 7 and y?
7
Let q be (2*5)/(0 - 1). Let h be (-42)/q - (-11)/(-55). Calculate the highest common factor of 4 and h.
4
Let v be 3/(-1 + 5/2). Let d be (-247)/(-7) + v/(-7). Calculate the greatest common divisor of d and 14.
7
Suppose -69 = 2*f - 413. Suppose 4*r + 32 = f. Let v(c) = -2*c**2 - 23*c + 3. Let h be v(-11). What is the highest common divisor of r and h?
7
Let i = 5 - 7. Let y be ((-2)/(-6))/(i/(-36)). Let j = 91 + -61. Calculate the greatest common divisor of y and j.
6
Let u(x) = -x**3 + 5*x**2 + 3*x - 5. Let l be (-6)/3 + 2 + 5. Let h be u(l). What is the greatest common divisor of h and 10?
10
Suppose -6*b + 100 + 236 = 0. Calculate the highest common divisor of b and 7.
7
Let r(d) = 12*d**2 + 3*d - 4. Let j = -1 + 5. Suppose -s + 3*k = -0*s - 9, j*k + 1 = 5*s. Let q be r(s). What is the highest common factor of 19 and q?
19
Let p be 1/(-1*1/(-2)). Suppose -20 = -2*s + 4*r, 5*s = -p*r + r + 105. Calculate the greatest common divisor of 10 and s.
10
Suppose -3*o - o = -96. What is the highes